 787807 a composite number?
False
Is 1061959 a composite number?
False
Is 29017601 a prime number?
False
Is 6824749 a prime number?
True
Is 15373691 a composite number?
True
Is 95491303 composite?
True
Is 5143559 prime?
False
Is 17349121 a prime number?
True
Is 1552115 composite?
True
Is 65651819 a prime number?
True
Is 4787431 composite?
True
Is 4452551 a composite number?
True
Is 9913331 a prime number?
False
Is 20320343 composite?
False
Is 165190841 a composite number?
False
Is 13533623 composite?
False
Is 60051351 a composite number?
True
Is 809103 prime?
False
Is 39035155 a prime number?
False
Is 128428541 prime?
True
Is 4933573 composite?
False
Is 499783863 composite?
True
Is 1775197 prime?
False
Is 985909 a composite number?
True
Is 25655939 composite?
False
Is 548441273 a composite number?
False
Is 1839589 prime?
True
Is 29686551 a prime number?
False
Is 140753135 prime?
False
Is 466014437 a composite number?
True
Is 18973421 prime?
True
Is 25701227 a composite number?
False
Is 130475843 a composite number?
True
Is 2072923 a prime number?
False
Is 241598198 prime?
False
Is 10204589 a prime number?
True
Is 88540291 prime?
False
Is 117029 prime?
False
Is 11050643 prime?
False
Is 341839219 a composite number?
False
Is 680429 a prime number?
False
Is 3199019 prime?
False
Is 2214859 a composite number?
True
Is 3185993 prime?
False
Is 54481969 a composite number?
False
Is 1386922009 composite?
True
Is 2306557 composite?
True
Is 58793281 composite?
True
Is 10881083 composite?
False
Is 1473379 a prime number?
True
Is 201185405 composite?
True
Is 2413097 prime?
True
Is 23099873 a prime number?
True
Is 3845845 prime?
False
Is 194420599 a composite number?
True
Is 47792609 a prime number?
False
Is 7985515 a composite number?
True
Is 181739 prime?
True
Is 64531 prime?
False
Is 2740207 composite?
False
Is 122816501 a composite number?
False
Is 6499811 a prime number?
False
Is 1356685355 a composite number?
True
Is 47392091 a composite number?
False
Is 877531 a prime number?
True
Is 86948627 prime?
True
Is 167381777 a composite number?
False
Is 1419637 a prime number?
False
Is 54681187 a composite number?
True
Is 3272281 composite?
True
Is 675306623 a prime number?
False
Is 428509093 a prime number?
True
Is 4677011 composite?
False
Is 23603791 composite?
False
Is 73104937 composite?
True
Is 280195 prime?
False
Is 536661221 composite?
False
Is 10389239 prime?
False
Is 352102721 prime?
True
Is 8499683 composite?
False
Is 51662794 a prime number?
False
Is 4531651 composite?
False
Is 545057 a prime number?
True
Is 6532361 a prime number?
False
Is 919447 a prime number?
True
Is 124180169 a composite number?
True
Is 3941857 prime?
False
Is 391652713 a composite number?
False
Is 139086179 a prime number?
False
Is 49759201 a prime number?
True
Is 7544198 composite?
True
Is 77895847 composite?
False
Is 18241042 a composite number?
True
Is 4715453 a composite number?
False
Is 2809797 composite?
True
Is 2773099 a composite number?
True
Is 29059789 a composite number?
True
Is 5127754 prime?
False
Is 5020987 composite?
False
Is 527742019 prime?
False
Is 28212817 composite?
True
Is 7756591 composite?
False
Is 27816089 prime?
False
Is 7380031 a composite number?
False
Is 14262061 a prime number?
False
Is 273214609 composite?
False
Is 55222813 a prime number?
False
Is 3946571 a composite number?
False
Is 4824089 prime?
False
Is 84864653 prime?
True
Is 145629269 a prime number?
True
Is 318137559 composite?
True
Is 4120801 composite?
True
Is 118159121 prime?
False
Is 125497 a composite number?
False
Is 38438657 composite?
True
Is 1109057 a prime number?
True
Is 7693403 composite?
False
Is 3369337 composite?
True
Is 1521955 composite?
True
Is 725497 a prime number?
False
Is 184282787 composite?
True
Is 158238785 composite?
True
Is 3082567 prime?
True
Is 8506139 composite?
True
Is 33080347 a prime number?
True
Is 1060193 composite?
True
Is 670487 prime?
True
Is 212793737 a composite number?
True
Is 18097262 composite?
True
Is 7324427 prime?
False
Is 999897 prime?
False
Is 91320683 a composite number?
False
Is 3932099 a prime number?
True
Is 20341129 composite?
True
Is 4595077 prime?
True
Is 433080897 a prime number?
False
Is 3121109 a composite number?
False
Is 390156985 prime?
False
Is 2707519 a prime number?
False
Is 4855726 a composite number?
True
Is 2615383 composite?
False
Is 73838273 a composite number?
True
Is 21327803 composite?
True
Is 63812999 prime?
True
Is 62484341 composite?
False
Is 251302943 composite?
False
Is 64897307 composite?
True
Is 14608307 a composite number?
True
Is 1331749 prime?
True
Is 11607913 a composite number?
False
Is 779731 a prime number?
True
Is 1075933 composite?
True
Is 93304186 prime?
False
Is 76640687 a composite number?
False
Is 152005627 a prime number?
True
Is 25487167 composite?
False
Is 2669441 composite?
True
Is 24428681 composite?
False
Is 1255279 a composite number?
False
Is 411620791 a composite number?
False
Is 7120523 a prime number?
True
Is 2430577 a prime number?
False
Is 2490199 composite?
True
Is 64631911 composite?
False
Is 27179917 a composite number?
False
Is 12362783 composite?
False
Is 2127239 composite?
True
Is 987383 a composite number?
False
Is 24547967 a composite number?
False
Is 4865431 a composite number?
False
Is 3176563 a prime number?
False
Is 15995747 prime?
False
Is 58010587 a composite number?
False
Is 15573577 prime?
True
Is 52398365 a composite number?
True
Is 137032249 composite?
True
Is 3649297 a prime number?
True
Is 967569 a composite number?
True
Is 20304265 composite?
True
Is 24861407 prime?
True
Is 379877 a composite number?
False
Is 14226005 composite?
True
Is 44106269 composite?
True
Is 205052233 a prime number?
True
Is 28919951 a prime number?
False
Is 65913619 composite?
False
Is 2618423 prime?
True
Is 3246773 a prime number?
False
Is 9355849 a prime number?
True
Is 252437813 prime?
False
Is 224011 a prime number?
True
Is 6770227 prime?
False
Is 30408473 a composite number?
False
Is 6450373 prime?
False
Is 3226285 prime?
False
Is 4212982 a composite number?
True
Is 674227 a prime number?
True
Is 33507709 composite?
True
Is 11496503 prime?
True
Is 3996169 a prime number?
False
Is 16573901 composite?
False
Is 26266223 composite?
False
Is 126180293 a prime number?
False
Is 157072453 a composite number?
False
Is 869324093 prime?
False
Is 87027527 a prime number?
False
Is 4405231 composite?
False
Is 214343 prime?
False
Is 50994739 a composite number?
True
Is 12302897 a composite number?
True
Is 17724913 a prime number?
True
Is 214126621 a prime number?
True
Is 3227011 a prime number?
False
Is 70731733 a prime number?
False
Is 10908529 a prime number?
True
Is 17017991 prime?
True
Is 10621439 a prime number?
True
Is 1610131 composite?
False
Is 188929 prime?
False
Is 2429993 composite?
True
Is 1231439 composite?
True
Is 28513663 a prime number?
True
Is 729737 prime?
True
Is 167338907 a prime number?
True
Is 15338021 a composite number?
True
Is 822119 a composite number?
True
Is 27881867 prime?
False
Is 69512497 prime?
True
Is 58133969 a composite number?
False
Is 6967019 a composite number?
False
Is 18479 composite?
True
Is 344351 a composite number?
True
Is 12295357 composite?
True
Is 5726569 a prime number?
False
Is 133331833 composite?
True
Is 1138307 prime?
False
Is 29928617 composite?
True
Is 13782921 a composite number?
True
Is 4135297 composite?
False
Is 525783 prime?
False
Is 15237241 prime?
False
Is 264669 a prime number?
False
Is 213691 prime?
False
Is 410339 prime?
True
Is 119504837 a composite number?
False
Is 1570417 prime?
False
Is 278543 composite?
False
Is 1640734 prime?
False
Is 1336933 a prime number?
False
Is 96000193 a prime number?
True
Is 5828897 prime?
True
Is 48594613 prime?
False
Is 45375089 composite?
False
Is 51249571 composite?
False
Is 2243477 composite?
False
Is 119321947 composite?
True
Is 2470297 composite?
True
Is 25813447 composite?
True
Is 8871133 composite?
True
Is 47337013 prime?
False
Is 2116019 composite?
False
Is 10364891 composite?
True
Is 25329 composite?
True
Is 37416209 a composite number?
False
Is 1181355047 composite?
False
Is 25955129 composite?
False
Is 16954486 composite?
True
Is 14726737 composite?
False
Is 80709053 a composite number?
Tr